01 - 101?
-101011001000010
In base 11, what is 982 - 14?
969
In base 2, what is 1 + -1011010111111?
-1011010111110
In base 11, what is 1 + -124?
-123
In base 13, what is -1303 - 1?
-1304
In base 11, what is -10 + -9?
-19
In base 2, what is -100000 - 10000?
-110000
In base 13, what is -4a54 - -3?
-4a51
In base 13, what is -5 - -47?
42
In base 11, what is a1 - a?
92
In base 7, what is -2145 - 11?
-2156
In base 4, what is 1020 + 133?
1213
In base 2, what is 11 - -11111101?
100000000
In base 12, what is 2 - 44?
-42
In base 15, what is 1ae - -10?
1be
In base 3, what is 1021002220 - -11?
1021010001
In base 8, what is 3636 + 5?
3643
In base 5, what is 1001 - -1?
1002
In base 2, what is -1 + 1110010001?
1110010000
In base 16, what is -6 - 92f?
-935
In base 14, what is -47 + -1?
-48
In base 13, what is 3b + -3?
38
In base 16, what is -3 - -ce?
cb
In base 10, what is 25 + -515?
-490
In base 14, what is -4 - 388?
-38c
In base 15, what is -3 + -59?
-5c
In base 4, what is 1220 - -1301?
3121
In base 7, what is -1 - 10411?
-10412
In base 11, what is 15 + -265?
-250
In base 16, what is -e - 24?
-32
In base 16, what is 5 - 19?
-14
In base 6, what is 4 - 15321?
-15313
In base 3, what is -10210001 - -10?
-10202221
In base 9, what is 5 + -1581?
-1575
In base 13, what is -344c + 5?
-3447
In base 13, what is -6 + 11?
8
In base 10, what is -5 - -76?
71
In base 3, what is 201210200 - 10?
201210120
In base 3, what is -11 - 2021101?
-2021112
In base 3, what is -2 + 102121?
102112
In base 15, what is 9 - 73?
-69
In base 8, what is 7 - 171?
-162
In base 9, what is -2 + 2557?
2555
In base 5, what is -201 + 30?
-121
In base 10, what is 3915 - -2?
3917
In base 15, what is -3 - -154?
151
In base 7, what is 11 + -54?
-43
In base 16, what is -1 - 28?
-29
In base 13, what is 5 - 147?
-142
In base 3, what is -12 + 20020002?
20012220
In base 3, what is -102 - 10?
-112
In base 14, what is 1 + -90c?
-90b
In base 7, what is 32 + 400?
432
In base 9, what is 0 - -286?
286
In base 7, what is 21 - -43?
64
In base 4, what is -1 - 212323?
-212330
In base 5, what is 22223 - -1?
22224
In base 12, what is 329a0 - 4?
32998
In base 2, what is -1 + 110?
101
In base 15, what is -50 - -3?
-4c
In base 10, what is -28 + -9?
-37
In base 3, what is 2210222 + -1?
2210221
In base 13, what is 3 - 69?
-66
In base 7, what is -635 + 3?
-632
In base 3, what is 21 - -1002?
1100
In base 10, what is -4 - -215?
211
In base 4, what is -13201 - -11?
-13130
In base 4, what is 2301 - 2?
2233
In base 4, what is 2323 + 1?
2330
In base 6, what is 3 + 322?
325
In base 5, what is -43 - -11?
-32
In base 4, what is -11 - 31302?
-31313
In base 10, what is 0 - -58?
58
In base 15, what is -1 + 3a?
39
In base 3, what is 21122 - -2111?
101010
In base 2, what is -1 + -1010011010?
-1010011011
In base 11, what is 40 - 3?
38
In base 11, what is 47a1 + 2?
47a3
In base 5, what is 2233 - 2?
2231
In base 14, what is -689 + 3?
-686
In base 12, what is -1 - -762?
761
In base 10, what is -95 + -7?
-102
In base 10, what is -155 - -3?
-152
In base 9, what is 36 + 105?
142
In base 6, what is -235 + 113?
-122
In base 8, what is 1 - -2223?
2224
In base 15, what is -4916 + 1?
-4915
In base 13, what is 1c + 43?
62
In base 16, what is -479 - 3?
-47c
In base 12, what is -a8 + 19?
-8b
In base 10, what is -6 + 1469?
1463
In base 5, what is 13 + 11023?
11041
In base 14, what is -3 - 34c?
-351
In base 13, what is -4 + 855?
851
In base 5, what is -1 - 334?
-340
In base 2, what is -1010 + 10011?
1001
In base 15, what is 0 - b?
-b
In base 4, what is 21010 - 20?
20330
In base 4, what is -21 + -210?
-231
In base 7, what is -3 + -3036?
-3042
In base 15, what is -1 + 18?
17
In base 2, what is -1000 - -1001110?
1000110
In base 10, what is -4 - 3?
-7
In base 13, what is 0 - 87?
-87
In base 2, what is 1111 - -111?
10110
In base 6, what is -3 - 15105?
-15112
In base 8, what is -34517 + 2?
-34515
In base 6, what is -125 + 54?
-31
In base 15, what is -10 - 1?
-11
In base 10, what is 9 - -26?
35
In base 10, what is 4 + 670?
674
In base 5, what is 1 + -40?
-34
In base 5, what is -2404 + 0?
-2404
In base 10, what is 5 + -7688?
-7683
In base 2, what is -10110 - -110100?
11110
In base 15, what is -5 - -8c?
87
In base 16, what is -561 - -1?
-560
In base 7, what is 166 - 146?
20
In base 15, what is -42 + e?
-33
In base 10, what is 217 + 31?
248
In base 9, what is -20 - -45?
25
In base 11, what is 20 - -14?
34
In base 16, what is 6 + 420?
426
In base 5, what is 10022 + 0?
10022
In base 9, what is 5 + 2648?
2654
In base 6, what is 21 + 131?
152
In base 2, what is 10 + -101000011?
-101000001
In base 5, what is -2141 + 10?
-2131
In base 4, what is -11 - -3?
-2
In base 3, what is -20210 + -100011?
-120221
In base 5, what is 2 - -444?
1001
In base 6, what is 2 + -154?
-152
In base 6, what is -52 + 24?
-24
In base 16, what is 1 + -197?
-196
In base 10, what is -4374 + -8?
-4382
In base 6, what is -21 - 14?
-35
In base 12, what is -38a - -5?
-385
In base 10, what is -791 + -5?
-796
In base 4, what is -122322 - 30?
-123012
In base 3, what is 12020 - -20000?
102020
In base 14, what is -6 + 2c?
26
In base 3, what is -100 - 21?
-121
In base 12, what is -12 + 84?
72
In base 5, what is 3 + 141?
144
In base 10, what is 5 - -685?
690
In base 10, what is 8 + -74?
-66
In base 6, what is -143 - 11?
-154
In base 9, what is -15 - -2?
-13
In base 11, what is 74 + 2?
76
In base 5, what is 43 - 31?
12
In base 7, what is -10 + 10?
0
In base 9, what is -535 + 0?
-535
In base 8, what is 2 + 3?
5
In base 15, what is 702 + 3?
705
In base 7, what is 5 + 351?
356
In base 3, what is -10202 - 10?
-10212
In base 10, what is -81 + -4?
-85
In base 8, what is 123 + 42?
165
In base 7, what is -1126 + -22?
-1151
In base 14, what is 1 + 14?
15
In base 10, what is 16 + 209?
225
In base 11, what is 547 + 5?
551
In base 2, what is -10011100 - -111111?
-1011101
In base 5, what is 10 - -201004?
201014
In base 16, what is -10 + -7?
-17
In base 13, what is 313 - 11?
302
In base 16, what is -1 + 36e?
36d
In base 10, what is -11 - -16?
5
In base 7, what is -31612 + 5?
-31604
In base 16, what is 0 - 571?
-571
In base 5, what is 0 + 240?
240
In base 8, what is 3 - -1035?
1040
In base 14, what is b + -2?
9
In base 4, what is -3 - -2121?
2112
In base 3, what is 1120 + -111211?
-110021
In base 8, what is 3 + -3665?
-3662
In base 11, what is 155a + 2?
1561
In base 6, what is 12035 + 1?
12040
In base 15, what is 66 + 9?
70
In base 5, what is 1024 - 302?
222
In base 9, what is 5 + -10366?
-10361
In base 2, what is 0 + -1101000111?
-1101000111
In base 4, what is 33 - 10?
23
In base 10, what is -1436 - 0?
-1436
In base 4, what is 130210 - -21?
130231
In base 10, what is 4 + -724?
-720
In base 8, what is 4 + 223?
227
In base 6, what is 5 + 422?
431
In base 13, what is a1 - 3?
9b
In base 13, what is 4b + 1?
4c
In base 7, what is 1434 - 0?
1434
In base 11, what is 0 + -330a?
-330a
In base 8, what is 7 - -575?
604
In base 16, what is 3b - 0?
3b
In base 14, what is -11d0 + -5?
-11d5
In base 5, what is -102 + 1000?
343
In base 14, what is -42 + -6?
-48
In base 8, what is 472 + 6?
500
In base 4, what is -11212 - 0?
-11212
In base 5, what is 2010 + 20?
2030
In base 11, what is -6 - a?
-15
In base 5, what is 11221 - -1?
11222
In base 13, what is -1 - 33?
-34
In base 9, what is 40643 + 2?
40645
In base 13, what is -4ca - -5?
-4c5
In base 3, what is 0 + -121?
-121
In base 12, what is 9 + 28?
35
In base 3, what is -1 - -2102?
2101
In base 12, what is -13 + -68?
-7b
In base 7, what is -210 + -3?
-213
In base 13, what is -1771 + -1?
-1772
In base 7, what is -214065 + 4?
-214061
In base 9, what is 0 + 26?
26
In base 13, what is -5 + 3c0?
3b8
In base 9, what is -24 - -2?
-22
In base 5, what is 11142 - -2?
11144
In base 16, what is -3 - 3f?
-42
In base 3, what is 12000 - 100?
11200
In base 16, what is -3 - -9dd?
9da
In base 12, what is 85 + -12?
73
In base 2, what is 10 + -1001010110?
-1001010100
In base 7, what is -26346 - -6?
-26340
In base 3, what is 22 + -10?
12
In base 13, what is 296 + -2?
294
In base 5, what is -4 - -3101?
3042
In base 10, what is -11 + 470?
459
In base 14, what is 5 - 135?
-130
In base 11, what is -6 - -181?
176
In base 12, what is 1 + -1?
0
In base 13, what is 12a8 - -3?
12ab
In base 5, what is -14 - -1211?
1142
I